{"id":12,"date":"2023-09-04T15:35:22","date_gmt":"2023-09-04T15:35:22","guid":{"rendered":"https:\/\/audionumerique.com\/?page_id=12"},"modified":"2023-09-04T15:37:28","modified_gmt":"2023-09-04T15:37:28","slug":"audionumerique","status":"publish","type":"page","link":"https:\/\/audionumerique.com\/","title":{"rendered":"Audionum\u00e9rique"},"content":{"rendered":"\n<figure class=\"wp-block-image size-full\"><img loading=\"lazy\" decoding=\"async\" width=\"494\" height=\"694\" src=\"https:\/\/audionumerique.com\/wp-content\/uploads\/2023\/08\/couverture_lores_sh.jpg\" alt=\"\" class=\"wp-image-8\" srcset=\"https:\/\/audionumerique.com\/wp-content\/uploads\/2023\/08\/couverture_lores_sh.jpg 494w, https:\/\/audionumerique.com\/wp-content\/uploads\/2023\/08\/couverture_lores_sh-214x300.jpg 214w\" sizes=\"auto, (max-width: 494px) 100vw, 494px\" \/><\/figure>\n\n\n\n<p>La musique \u00e9lectronique n\u00e9cessite des outils sophistiqu\u00e9s, une grande habilit\u00e9 dans le travail de studio et une parfaite connaissance des techniques audionum\u00e9riques. V\u00e9ritable ouvrage de r\u00e9f\u00e9rence, &#8220;<strong>L&#8217;audionum\u00e9rique &#8211; Musique et informatique<\/strong>&#8221; pr\u00e9sente, de fa\u00e7on claire et pr\u00e9cise, tous les aspects th\u00e9oriques et pratiques de la synth\u00e8se et du traitement d&#8217;un signal sonore dans un environnement num\u00e9rique.<\/p>\n\n\n\n<p>Cette 3e \u00e9dition a \u00e9t\u00e9 r\u00e9vis\u00e9e et compl\u00e9t\u00e9e par deux nouveaux chapitres enti\u00e8rement in\u00e9dits.<\/p>\n\n\n\n<p>Gr\u00e2ce \u00e0 des explications claires et \u00e0 de nombreux sch\u00e9mas, captures d&#8217;\u00e9cran et photographies, cet ouvrage pratique s&#8217;adresse \u00e0 tous les techniciens et ing\u00e9nieurs du son ainsi qu&#8217;aux musiciens et compositeurs qui souhaitent d\u00e9couvrir ce domaine ou se perfectionner.<\/p>\n\n\n\n<h5 class=\"wp-block-heading\">O\u00f9 acheter cet ouvrage ?<\/h5>\n\n\n\n<p>Cliquez sur l&#8217;un des liens ci-dessous pour commander votre exemplaire d\u00e8s aujourd&#8217;hui !<\/p>\n\n\n\n<div class=\"wp-block-columns are-vertically-aligned-center is-layout-flex wp-container-core-columns-is-layout-2d7698b3 wp-block-columns-is-layout-flex\" style=\"border-style:none;border-width:0px;border-radius:0px;padding-right:0;padding-left:0\">\n<div class=\"wp-block-column is-vertically-aligned-center is-layout-flow wp-block-column-is-layout-flow\">\n<figure class=\"wp-block-image aligncenter size-full is-resized\"><a href=\"http:\/\/www.dunod.com\/loisirs-scientifiques-techniques\/photo-cinema-audio\/son-et-acoustique\/laudionumerique\"><img decoding=\"async\" src=\"http:\/\/audionumerique.com\/wp-content\/uploads\/2023\/09\/dunod.jpg\" alt=\"\" class=\"wp-image-19\" style=\"height:80px\" height=\"80\" srcset=\"https:\/\/audionumerique.com\/wp-content\/uploads\/2023\/09\/dunod.jpg 225w, https:\/\/audionumerique.com\/wp-content\/uploads\/2023\/09\/dunod-150x150.jpg 150w\" sizes=\"(max-width: 225px) 100vw, 225px\" \/><\/a><\/figure>\n<\/div>\n\n\n\n<div class=\"wp-block-column is-vertically-aligned-center is-layout-flow wp-block-column-is-layout-flow\">\n<figure class=\"wp-block-image aligncenter size-full is-resized\"><a href=\"https:\/\/www.amazon.fr\/Laudionum%C3%A9rique-3e-%C3%A9d-Musique-informatique\/dp\/2100706888\/ref=dp_ob_title_bk\"><img decoding=\"async\" src=\"https:\/\/audionumerique.com\/wp-content\/uploads\/2023\/09\/amazon_square.png\" alt=\"\" class=\"wp-image-21\" style=\"height:80px\" height=\"80\" srcset=\"https:\/\/audionumerique.com\/wp-content\/uploads\/2023\/09\/amazon_square.png 224w, https:\/\/audionumerique.com\/wp-content\/uploads\/2023\/09\/amazon_square-150x150.png 150w\" sizes=\"(max-width: 224px) 100vw, 224px\" \/><\/a><\/figure>\n<\/div>\n\n\n\n<div class=\"wp-block-column is-vertically-aligned-center is-layout-flow wp-block-column-is-layout-flow\">\n<figure class=\"wp-block-image aligncenter size-full is-resized\"><a href=\"https:\/\/www.decitre.fr\/livres\/l-audionumerique-9782100706884.html\"><img decoding=\"async\" src=\"http:\/\/audionumerique.com\/wp-content\/uploads\/2023\/09\/decitre.jpg\" alt=\"\" class=\"wp-image-18\" style=\"height:80px\" height=\"80\" srcset=\"https:\/\/audionumerique.com\/wp-content\/uploads\/2023\/09\/decitre.jpg 225w, https:\/\/audionumerique.com\/wp-content\/uploads\/2023\/09\/decitre-150x150.jpg 150w\" sizes=\"(max-width: 225px) 100vw, 225px\" \/><\/a><\/figure>\n<\/div>\n\n\n\n<div class=\"wp-block-column is-vertically-aligned-center is-layout-flow wp-block-column-is-layout-flow\">\n<figure class=\"wp-block-image aligncenter size-full is-resized\"><a href=\"https:\/\/livre.fnac.com\/a9313333\/Curtis-Roads-L-audionumerique-3e-ed-Musique-et-informatique?omnsearchpos=1\"><img decoding=\"async\" src=\"http:\/\/audionumerique.com\/wp-content\/uploads\/2023\/09\/fnac.jpg\" alt=\"\" class=\"wp-image-16\" style=\"height:80px\" height=\"80\"\/><\/a><\/figure>\n<\/div>\n<\/div>\n\n\n\n<h5 class=\"wp-block-heading\">Contenu et d\u00e9tail des mises \u00e0 jour<\/h5>\n\n\n\n<h6 class=\"wp-block-heading\"><em>Partie A : Environnement &amp; Outils<\/em><\/h6>\n\n\n\n<p><strong>Chap. 1 &#8211; Concepts audionum\u00e9riques<\/strong><br>Origines : histoire de l&#8217;enregistrement audionum\u00e9rique<br>\u00c9l\u00e9ments fondamentaux des signaux sonores<br>Repr\u00e9sentations analogiques du son<br>Repr\u00e9sentations num\u00e9riques du son<br>Gamme dynamique des syst\u00e8mes audionum\u00e9riques<br>Sur\u00e9chantillonnage<br>Supports audionum\u00e9riques<br>Compression des donn\u00e9es audio<br>Synth\u00e8se et traitement du signal<br>Conclusion<br><br><strong>Chap. 2 &#8211; Mixage<br><\/strong>Mixage et gamme dynamique<br>Mixage logiciel en diff\u00e9r\u00e9<br>Tables de mixage<br>Tables hybrides<br>\u00c9l\u00e9ments des tables de mixage num\u00e9riques<br>Enregistrement et mixage multipiste<br>\u00c9coute audio<br>Automatisation du mixage<br>Synchronisation du mixage audio et de la vid\u00e9o<br>Conclusion<br><br><strong>Chap. 3 &#8211; Transformation de la gamme dynamique<\/strong><br>Remodeleurs d&#8217;enveloppes<br>Extensions avec seuil (noise gates)<br>Compresseurs<br>Extenseurs<br>Limiteurs<br>Unit\u00e9s de r\u00e9duction du bruit et compresseurs-extenseurs<br>Dangers de la transformation de la gamme dynamique<br><br><strong>Chap. 4 &#8211; Les filtres num\u00e9riques<\/strong><br>Pr\u00e9sentation de la th\u00e9orie des filtres aux musiciens<br>Filtres : origines<br>R\u00e9ponse impulsionnelle, fr\u00e9quentielle et de phase d&#8217;un filtre<br>Les filtres sous forme d&#8217;\u00e9quations<br>Filtre passe-bas simple<br>Filtre passe-haut simple<br>Filtres \u00e0 r\u00e9ponse impulsionnelle finie g\u00e9n\u00e9raux<br>Filtres \u00e0 r\u00e9ponse impulsionnelle infinie simples<br>Filtres \u00e0 r\u00e9ponse impulsionnelle infinie g\u00e9n\u00e9raux<br>Comparaison des filtres FIR et des filtres IIR<br>Conception d&#8217;un filtre \u00e0 partir d&#8217;une sp\u00e9cification arbitraire<br>Blocs de construction des filtres complexes<br>Filtres en peigne<br>Filtres passe-tout<br><br><strong>Chap. 5 &#8211; La convolution<\/strong><br>L&#8217;op\u00e9ration de convolution<br>Convolution par impulsions \u00e9l\u00e9mentaires \u00e9chelonn\u00e9es et retard\u00e9es<br>D\u00e9finition math\u00e9matique de la convolution<br>Comparaison de la convolution et de la multiplication<br>La loi de la convolution<br>Relation entre convolution et filtrage<br>Convolution rapide<br>Signification musicale de la convolution<br>Convolution avec des grains et des pulsars<br>Comparaison de la convolution lin\u00e9aire et de la convolution circulaire<br>D\u00e9convolution<br><br><strong>Chap. 6 &#8211; Les effets de retard<\/strong><br>Les effets de retard temporel fixe<br>Les effets de retard temporel variable<br>Changement temps\/hauteur<br><br><strong>Chap. 7 &#8211; La spatialisation<\/strong><br>Spatialisation du son<br>Indications de localisation<br>Haut-parleurs rotatifs<br>Son surround<br><br><strong>Chap. 8 &#8211; La r\u00e9verb\u00e9ration<\/strong><br>R\u00e9verb\u00e9ration<br>Modelage d&#8217;espaces sonores<br><br><strong>Chap. 9 &#8211; Reconnaissance de la hauteur<\/strong><br>Analyse de hauteur, de rythme et de forme d&#8217;onde : origines<br>Reconnaissance de la hauteur et du rythme dans les syst\u00e8mes MIDI<br>Le probl\u00e8me de la d\u00e9tection de hauteur<br>M\u00e9thodes de d\u00e9tection de hauteur<br><br><strong>Chap. 10 &#8211; Reconnaissance du rythme<\/strong><br>Applications de reconnaissance du rythme<br>Niveaux de reconnaissance du rythme<br>D\u00e9tection d&#8217;\u00e9v\u00e9nement<br>Transcription<br>R\u00e9cup\u00e9ration<br><br><strong>Chap. 11 &#8211; Analyse spectrale : m\u00e9thodes de Fourier<\/strong><br>Applications de l&#8217;analyse spectrale<br>Trac\u00e9s spectraux<br>Mod\u00e8les derri\u00e8re les m\u00e9thodes d&#8217;analyses spectrales<br>Spectre et timbre<br>Analyse spectrale : origines<br>Le spectre de Fourier \u00e0 court terme<br>La repr\u00e9sentation sonagramme<br>Le vocodeur de phase<br><br><strong><em>Chap. 12 &#8211; Analyse spectrale : m\u00e9thodes par d\u00e9composition atomique (ajout\u00e9 &#8211; absent de la version am\u00e9ricaine)<\/em><\/strong><br>Fondamentaux<br>M\u00e9thodes<br>Applications<br>Conclusion : \u00e9tudes avanc\u00e9es<br><br><strong>Chap. 13 &#8211; Analyse spectrale : autres m\u00e9thodes<\/strong><br>Analyse du son non Fourier<br>Analyse par banque de filtres \u00e0 Q constant<br>Analyse par ondelettes<br>Analyse du signal par distribution de Wigner<br>Analyse spectrale par autor\u00e9gression<br>Analyse par d&#8217;autres fonctions<br>Mod\u00e8les d&#8217;audition<br>Syst\u00e8mes comprenant le signal<br><br><strong>Chap. 14 &#8211; MIDI<\/strong><br>Comparaison des donn\u00e9es de contr\u00f4le MIDI et du son<br>Origines : la sp\u00e9cification MIDI 1.0<br>Possibilit\u00e9s musicales du MIDI<br>Mat\u00e9riel MIDI<br>Pilotes MIDI<br>Canaux MIDI<br>Messages MIDI<br>Modes MIDI<br>Contr\u00f4le continu par MIDI<br>Fichiers MIDI standards<br>Transfert de donn\u00e9es audio<br>Contr\u00f4le temporel du MIDI<br>Contr\u00f4le de machine MIDI et contr\u00f4le de show MIDI<br>Accessoires MIDI<br>Limites du MIDI<br>Acc\u00e9l\u00e9rer les communications MIDI<br>\u00c9criture de logiciel de musique MIDI<br>Contacts sur le MIDI<br>Conclusion<br><br><strong>Chap. 15 &#8211; Interconnexions de syst\u00e8me<\/strong><br>Alimentations en courant alternatif<br>C\u00e2bles audio analogiques<br>Patchbays<br>Lignes s\u00e9rie \u00e9lectroniques<br>C\u00e2bles MIDI<br>Liaisons audionum\u00e9riques<br>C\u00e2bles en fibre optique<br>Liaisons de synchro<br>Ports et bus parall\u00e8les<br>Contr\u00f4leurs d&#8217;acc\u00e8s direct \u00e0 la m\u00e9moire et m\u00e9moires partag\u00e9es<br>R\u00e9seaux<br>Conclusion<br><br><strong>Chap. 16 &#8211; La psychoacoustique et la synth\u00e8se<\/strong><br>Perception de l&#8217;intensit\u00e9<br>L&#8217;oreille humaine<br>Perception des caract\u00e9ristiques temporelles<br>Perception de la fr\u00e9quence<br>Perception du bruit<br>Fusion et perception du timbre<br>Effets de masques<br>Conclusion : psychoacoustique et perception<br>Remerciements<\/p>\n\n\n\n<h6 class=\"wp-block-heading\"><em>Partie B : Synth\u00e8se Sonore<\/em><\/h6>\n\n\n\n<p><strong>Chap. 17 &#8211; Introduction \u00e0 la synth\u00e8se<\/strong><br>Origines : histoire de la synth\u00e8se num\u00e9rique du son<br>Synth\u00e8se par lecture de table d&#8217;onde fixe<br>Bruit de lecture de table et oscillateurs interpolants<br>Synth\u00e8se de formes d&#8217;ondes variant dans le temps<br>Logiciels de synth\u00e8se<br>Synth\u00e8se num\u00e9rique en temps r\u00e9el<br>Comparaison de la synth\u00e8se diff\u00e9r\u00e9e et de la synth\u00e8se en temps r\u00e9el<br>Sp\u00e9cification des sons musicaux<br>Conclusion<br><br><strong>Chap. 18 &#8211; L&#8217;\u00e9chantillonnage<\/strong><br>Musique Concr\u00e8te et \u00e9chantillonnage : origines<br>Bouclage<br>Transposition de hauteur<br>Conversion du taux d&#8217;\u00e9chantillonnage sans transposition de hauteur<br>Probl\u00e8mes du r\u00e9\u00e9chantillonnage<br>R\u00e9duction et compression des donn\u00e9es dans les \u00e9chantillonneurs<br>Biblioth\u00e8ques d&#8217;\u00e9chantillons<br>\u00c9valuation des \u00e9chantillonneurs<br>Modelage des transitions note \u00e0 note<br><br><strong>Chap. 19 &#8211; La synth\u00e8se additive<\/strong><br>Synth\u00e8se additive<br>Analyse\/Resynth\u00e8se additive<br><br><strong>Chap. 20 &#8211; La synth\u00e8se par tables d&#8217;ondes multiples<\/strong><br>Le fondu encha\u00een\u00e9 de tables d&#8217;ondes<br>Empilement d&#8217;ondes<br><br><strong>Chap. 21 &#8211; La synth\u00e8se par terrains d&#8217;ondes<\/strong><br>Terrains et orbites<br>Cr\u00e9ation de formes d&#8217;ondes pr\u00e9visibles \u00e0 partir des terrains d&#8217;ondes<br>Orbites p\u00e9riodiques<br>Orbites variant dans le temps<br><br><strong>Chap. 22 &#8211; La synth\u00e8se granulaire<\/strong><br>Synth\u00e8se granulaire : historique<br>Grains sonores<br>Instrument g\u00e9n\u00e9rateur de grain<br>Organisations granulaires de haut niveau<br>\u00c9valuation de la synth\u00e8se granulaire<br><br><strong>Chap. 23 &#8211; La synth\u00e8se pulsar<\/strong><br>Synth\u00e8se pulsar de base<br>Spectres de la synth\u00e8se pulsar de base<br>Synth\u00e8se pulsar avanc\u00e9e<br>Impl\u00e9mentations de la synth\u00e8se pulsar<br>Composer avec les pulsars<br>Applications musicales de la synth\u00e8se pulsar<br>Conclusion<br><br><strong>Chap. 24 &#8211; La synth\u00e8se soustractive<\/strong><br>La synth\u00e8se soustractive<br>Analyse\/Resynth\u00e8se soustractive<br>Le codage pr\u00e9dictif lin\u00e9aire<br><br><strong>Chap. 25 &#8211; La synth\u00e8se par modulation<\/strong><br>Signaux bipolaires et unipolaires<br>Modulation en anneau<br>Modulation d&#8217;amplitude<br>Modulation de fr\u00e9quence<br>MF \u00e0 multiples porteuses<br>MF \u00e0 multiples modulantes<br>MF boucl\u00e9e<br>Distorsion de phase<br>Synth\u00e8se par distorsion non lin\u00e9aire<br>Modulations g\u00e9n\u00e9rales<br>Conclusion<br><br><strong>Chap. 26 &#8211; La synth\u00e8se par mod\u00e8les physiques<\/strong><br>La synth\u00e8se par mod\u00e8les physiques<br>Analyse de source et de param\u00e8tres pour les mod\u00e8les physiques<br>Synth\u00e8se Karplus-Strong (corde pinc\u00e9e et tambour)<br><br><strong>Chap. 27 &#8211; La synth\u00e8se analogique virtuelle<\/strong><br>Comparaison de num\u00e9rique et d&#8217;analogique<br>Analogique virtuelle<br>\u00c9volution de la synth\u00e8se analogique<br>Questions soulev\u00e9es par l&#8217;\u00e9mulation de synth\u00e8se analogique<br>Amplificateurs, compresseurs et \u00e9galiseurs par modelage analogique<br>Conclusion<br><br><strong>Chap. 28 &#8211; La synth\u00e8se formantique<\/strong><br>Synth\u00e8se par fonction d&#8217;onde formantique et CHANT<br>Analyse\/resynth\u00e8se FOF<br>VOSIM<br>Synth\u00e8se par fonction de fen\u00eatrage<br><br><strong>Chap. 29 &#8211; La synth\u00e8se par segments de forme d&#8217;onde<\/strong><br>Interpolation de forme d&#8217;onde<br>SAWDUST<br>SSP<br>Synth\u00e8se par instruction<br><br><strong><em>Chap. 30 &#8211; La synth\u00e8se concat\u00e9native (ajout\u00e9 &#8211; absent de la version am\u00e9ricaine)<\/em><\/strong><br>Fondamentaux<br>Deux approches g\u00e9n\u00e9rales<br>Perspectives historiques<br>Conclusion<br><br><strong>Chap. 31 &#8211; La synth\u00e8se graphique<\/strong><br>Graphiques dans la synth\u00e8se sonore : origines<br>Interaction avec l&#8217;UPIC<br>Synth\u00e8se graphique avec le MIDI<br>\u00c9valuation de la synth\u00e8se sonore graphique<br><br><strong>Chap. 32 &#8211; La synth\u00e8se stochastique et chaotique<\/strong><br>Modulation de bruit<br>Synth\u00e8se stochastique de forme d&#8217;onde<\/p>\n","protected":false},"excerpt":{"rendered":"<p>La musique \u00e9lectronique n\u00e9cessite des outils sophistiqu\u00e9s, une grande habilit\u00e9 dans le travail de studio et une parfaite connaissance des techniques audionum\u00e9riques. V\u00e9ritable ouvrage de r\u00e9f\u00e9rence, &#8220;L&#8217;audionum\u00e9rique &#8211; Musique et informatique&#8221; pr\u00e9sente, de fa\u00e7on claire et pr\u00e9cise, tous les aspects th\u00e9oriques et pratiques de la synth\u00e8se et du traitement d&#8217;un signal sonore dans un environnement [&hellip;]<\/p>\n","protected":false},"author":1,"featured_media":0,"parent":0,"menu_order":0,"comment_status":"closed","ping_status":"closed","template":"","meta":{"footnotes":""},"class_list":["post-12","page","type-page","status-publish","hentry"],"_links":{"self":[{"href":"https:\/\/audionumerique.com\/index.php?rest_route=\/wp\/v2\/pages\/12","targetHints":{"allow":["GET"]}}],"collection":[{"href":"https:\/\/audionumerique.com\/index.php?rest_route=\/wp\/v2\/pages"}],"about":[{"href":"https:\/\/audionumerique.com\/index.php?rest_route=\/wp\/v2\/types\/page"}],"author":[{"embeddable":true,"href":"https:\/\/audionumerique.com\/index.php?rest_route=\/wp\/v2\/users\/1"}],"replies":[{"embeddable":true,"href":"https:\/\/audionumerique.com\/index.php?rest_route=%2Fwp%2Fv2%2Fcomments&post=12"}],"version-history":[{"count":5,"href":"https:\/\/audionumerique.com\/index.php?rest_route=\/wp\/v2\/pages\/12\/revisions"}],"predecessor-version":[{"id":24,"href":"https:\/\/audionumerique.com\/index.php?rest_route=\/wp\/v2\/pages\/12\/revisions\/24"}],"wp:attachment":[{"href":"https:\/\/audionumerique.com\/index.php?rest_route=%2Fwp%2Fv2%2Fmedia&parent=12"}],"curies":[{"name":"wp","href":"https:\/\/api.w.org\/{rel}","templated":true}]}}